What is the units digit of b?
9
Let r(w) = -48*w + 45. What is the tens digit of r(-6)?
3
Let d = 843 - 622. What is the units digit of d?
1
Let y be (12/4 - 6)*-1. Let j be y/7 - (-20)/35. What is the units digit of 2*j/(-4)*-52?
6
Let n be 4/1*(-7)/(-14). Suppose i - 3*i = 2*r - n, -4*r = -3*i + 38. Suppose -u + i*u + 5*l = 135, -5*l = -5*u + 125. What is the tens digit of u?
2
Let j(w) = w**3 + 10*w**2 - 13*w. Let z be j(-11). Suppose 5*u - 7*u - z = 0. Let g = u + 23. What is the units digit of g?
2
Let b be -3 + 0 + 1 + 3 + -2. What is the tens digit of (-1)/(3/6) - (b + -29)?
2
Let c = -19 + 22. Let d be (-3)/(-9)*c*20. What is the units digit of ((-24)/d)/((-1)/10)?
2
Let l = 1138 + -526. Let p = -430 + l. What is the units digit of p?
2
Let s = 913 + -102. Suppose -s - 827 = -9*h. What is the tens digit of h?
8
Let x(h) = -h**2 + 78*h - 41. What is the units digit of x(33)?
4
Suppose -161 = 3*u - 578. Let g = -76 + u. What is the units digit of g?
3
Let q(a) = 23*a**2 - a - 3. Suppose -3*h = 3*t - 21, -3 = 2*t - 4*h + 13. What is the tens digit of q(t)?
8
Suppose 2*y = 5*z + 841, 4*z - 355 = -y + 59. What is the units digit of y?
8
Suppose 0 = -2*q + 109 - 19. What is the units digit of q?
5
Let b be 302/6 + (-1)/3. Suppose p + b - 5 = 0. What is the units digit of p/(-2)*30/25?
7
Let s = 104 + 274. What is the hundreds digit of s?
3
Suppose -4*z - 469 = 335. Let j = 499 + z. What is the units digit of j?
8
Let g(w) = 11*w - 57. Let h(i) = -17*i + 86. Let r(t) = -7*g(t) - 5*h(t). What is the units digit of r(14)?
1
Suppose -4*j = -2*j - 98. Suppose 0 = 5*u - 2*u - 5*a - 187, u + 5*a - j = 0. Suppose -35 = -s + 3*l, -3*l = -2*s + 5 + u. What is the units digit of s?
9
Let d be (-9)/6 + 1194*3/(-4). What is the tens digit of 7 + -2 - d/3?
0
What is the tens digit of (-2)/(-5)*-10*-562?
4
Let m = -5 - -8. Let h(i) = i + m - 13 + 0*i. What is the units digit of h(11)?
1
Let r(w) = -4*w - 12. Let o be r(-3). Suppose 0*s + x - 60 = -s, o = -s + 3*x + 44. What is the tens digit of s?
5
Suppose -w = -195 - 56. What is the hundreds digit of w?
2
Suppose -7*z - 55 = -2*z. Let g be 2/11 + 24/z. What is the tens digit of (-7)/g*(0 + 6)?
2
What is the hundreds digit of 195/(-15) + 12 + 0 + 974?
9
What is the hundreds digit of 1176/(0 - -2) + 18 + -13?
5
What is the units digit of (60/25 - 3)/(1/(-555))?
3
Suppose 228*p + 24 = 232*p. Suppose 3*n + 36 = t - 0*t, -p = 2*n. What is the units digit of t?
7
Let i(y) be the first derivative of -y**4/4 + 7*y**3/3 + 11*y**2/2 - 3*y - 1. Suppose -3 = -3*t + z + 17, 5*t - 52 = -3*z. What is the units digit of i(t)?
1
What is the tens digit of (0 - 9/3)*(-7832)/12?
5
Suppose 5*x = -4*w + 10, -3*x = w + 2*w - 9. Suppose w*z - 475 = -l, 102 = 2*z - 2*l - 100. What is the tens digit of z?
9
Suppose -54*r + 1224 = -52*r. What is the tens digit of r?
1
Let x = -2174 + 3722. What is the tens digit of x?
4
Let u(y) = y**3 + 17*y**2 + 6*y + 18. Let h be u(-16). Let g = -115 + h. What is the tens digit of g?
6
Let y(k) = -2*k**3 + k**2 - k - 261. Let h be y(0). Let q = h - -387. What is the tens digit of q?
2
Let z(n) = n**3 + 15*n**2 - 9*n + 3. What is the hundreds digit of z(-7)?
4
Let c = 10 - -19. Let t = c - 32. What is the units digit of 16/t*21/(-14)?
8
Let a(t) = -43*t + 4 - 37*t + 0 + 2. Let d be a(-4). Suppose 0 = -7*c + 31 + d. What is the units digit of c?
1
Suppose 0 = q + 3*q - w - 104, -3*w = q - 39. Let k be -2*(2 - 7/2). Suppose -k*g + q = -0*g. What is the units digit of g?
9
Let o(x) be the first derivative of x**3/3 - 2*x**2 - 4*x - 4. Let g be o(8). Suppose -d - 4*s = -3*d - 12, -g = -2*d - 4*s. What is the units digit of d?
4
Suppose 0 = -3*q - 3, 0 = 13*t - 17*t + 3*q + 13987. What is the units digit of t?
6
Let h = -18 - -33. Suppose b - 4*b + h = 0. Suppose 3*l = 5*l - b*a - 114, -67 = -l + 5*a. What is the units digit of l?
7
Let m = 1022 + -447. What is the tens digit of m?
7
What is the hundreds digit of (5995/(-5))/(-27 + 26)?
1
Let f be (-12)/(-3) + 8/(-4). Let x be 112/(-32) + f/(-4). What is the units digit of 305/20 + 1/x?
5
Suppose -4*s - 4*n - n + 15 = 0, -3*s - 3*n + 9 = 0. Let w be -1 - (0 - s - 3). What is the units digit of w - -2 - -8*6?
2
Let b = 14 + -10. Suppose i = 5*o - 6, -3 = -3*i - b*o - 2. What is the tens digit of 54 + (2/i - -3)?
5
Let l(o) = -15*o**2 - o - 1. Let a be l(1). Let h(s) = -14*s + 48. What is the tens digit of h(a)?
8
Suppose -2*w - 745 = -7*w. Suppose 2*y - 5*y = z - 88, 3*y + w = 2*z. What is the units digit of z?
9
Suppose -2*y + 4*t = -84, -3*y + 6*t = 10*t - 96. What is the units digit of y?
6
Let b(w) = -w**2 - 16*w - 16. Let p(f) = 2*f. Let i = 15 + -21. Let u be p(i). What is the tens digit of b(u)?
3
What is the units digit of (-3)/12 + (1444/16 - 4)?
6
Suppose 4*w + 8 = 4*g, -23 = -4*g - 3*w + 6. What is the units digit of g?
5
Let i be 14/8 + (-7)/(-28). Let b(j) = 27*j**3 - 4*j + 2. What is the tens digit of b(i)?
1
Suppose -4*a + 0*a - 15260 = 0. Let m = a + 2723. What is the units digit of 1/5 - m/65?
7
Let d(p) = -p + 5. Let h be d(9). Let l(t) be the third derivative of -t**4/6 + t**3/6 + t**2. What is the units digit of l(h)?
7
Suppose -4*o = -2*o - 218. What is the hundreds digit of o?
1
Let x = 2292 + -1484. What is the units digit of x?
8
Let g be 1*2/2*0. Let u(t) = -t**3 + 6*t**2 + 6. Let p be u(6). Let j = p - g. What is the units digit of j?
6
Let c be (-375)/(-60) + (-6)/(-8). Let i(j) = 19*j - 7. What is the hundreds digit of i(c)?
1
Suppose 0 = 7*l - 5*l - 4. Let z(f) = -l + 11 - 3 + f**2. What is the units digit of z(3)?
5
Let n be (-40)/(-18) - 10/45. Suppose 0 = -3*a - 12, 5*o + 2*a = n*o + 70. What is the units digit of o?
6
Let o(n) = n - 7. Let d be o(4). What is the units digit of 708/5 + d*10/(-75)?
2
Let v(o) = o**2 + 4*o + 14. Let t(m) = -m**2 + 2*m. Let x(i) = -i**2 - 6*i - 7. Let j be x(-5). Let q be t(j). What is the units digit of v(q)?
6
What is the units digit of ((-1348)/(-6) + 0)/((-8)/(-12))?
7
Let a = -13 + 3. Let t = a + 12. Suppose 5*o - 99 = 3*i, t*o + 3*i = o + 9. What is the tens digit of o?
1
Let h(s) = -2*s**2 + s - 12. Let d(x) = -x**2 - 6. Let c(a) = 7*d(a) - 3*h(a). Let l be c(6). What is the units digit of -2*2 + l/(-3)?
6
Suppose 160*w - 15876 = 139*w. What is the hundreds digit of w?
7
Suppose y - 41 = -25. Let i = -459 + y. What is the tens digit of i/(-9) + 4/(-18)?
4
Let t = 11 - 8. Suppose -t*q = -4*q + 29. What is the units digit of q?
9
What is the hundreds digit of 1 - (-9 + -3547 + -1)?
5
Let j(o) = 2*o**2 + 2*o - 3. Let x be j(8). Let r = -85 + x. What is the tens digit of r?
5
Suppose 2*w + 35 = -5*g, -4*g = -w - 2*g + 5. Let f be (-108)/w*260/39. Suppose 5*o - f = 71. What is the units digit of o?
3
Suppose 2*c - c = 135. Suppose 0 = -2*f + 7*f - c. What is the units digit of f?
7
Suppose -44*c = 3*l - 41*c - 669, c = -4*l + 898. What is the hundreds digit of l?
2
What is the tens digit of (-12)/(-30)*10 + 273?
7
Let k(a) = a**2 - 2*a + 10. Let p be (-1)/((-1)/3) - -4. What is the units digit of k(p)?
5
Let j be 1*(-5 - -3) - 0. What is the units digit of j*(-3)/3*31?
2
Let b be 183/(-9) - 10/15. Let x = b + 19. What is the units digit of (x - -19) + 4/4?
8
Suppose -175*h = -136*h - 119574. What is the thousands digit of h?
3
Suppose 0 = g + q - 8, 2 = -5*g - 2*q + 30. Suppose -g*s + 40 + 4 = 0. What is the tens digit of s?
1
Let v = -22 + 24. Let j be (3/(-6)*v)/(-1). What is the units digit of j/((-2)/(-14)) - 1?
6
Let s be (-2)/(-2*4/232). Let c(f) = -37*f. Let v be c(1). Let d = s + v. What is the tens digit of d?
2
Let a = -30 - -5. Let k = a + 33. What is the units digit of k?
8
Suppose -2*d + 1 = n, 4*d + 4 = 5*n - n. Let j(x) = -1. Let u(c) = -c**3 + c - 1. Let p(z) = -5*j(z) - u(z). What is the units digit of p(d)?
6
Suppose -4347 = -w + 4*w + 4*z, -w = -5*z + 1449. Let i = w + 999. What is the tens digit of i/(-35) - 2/(-14)?
1
Suppose 8*q + 80 = 4*q. Let l(d) = -5*d + 2. Let b be l(7). Let s = q - b. What is the units digit of s?
3
Let j(q) = 147*q + 71. What is the tens digit of j(12)?
3
Suppose -22*a + 27*a - 65 = 0. Let b(m) = -m**2 + 20*m - 25. What is the units digit of b(a)?
6
Let p = 732 - -28. What is the units digit of p?
0
Let h(d) = -d + 51. Let b be h(0). Let